ctors of 2041.
13, 157
List the prime factors of 14155.
5, 19, 149
List the prime factors of 37848.
2, 3, 19, 83
List the prime factors of 899.
29, 31
What are the prime factors of 437?
19, 23
List the prime factors of 18670.
2, 5, 1867
List the prime factors of 3142.
2, 1571
List the prime factors of 24748.
2, 23, 269
List the prime factors of 108809.
53, 2053
List the prime factors of 103188.
2, 3, 8599
What are the prime factors of 2294?
2, 31, 37
List the prime factors of 123884.
2, 30971
What are the prime factors of 1801?
1801
List the prime factors of 19220.
2, 5, 31
What are the prime factors of 78712?
2, 9839
What are the prime factors of 4780?
2, 5, 239
List the prime factors of 6274.
2, 3137
What are the prime factors of 3150?
2, 3, 5, 7
What are the prime factors of 1885?
5, 13, 29
What are the prime factors of 21267?
3, 17, 139
What are the prime factors of 1489?
1489
List the prime factors of 25078.
2, 12539
List the prime factors of 223.
223
What are the prime factors of 795?
3, 5, 53
List the prime factors of 6558.
2, 3, 1093
What are the prime factors of 26308?
2, 6577
List the prime factors of 28422.
2, 3, 1579
What are the prime factors of 79284?
2, 3, 6607
What are the prime factors of 39208?
2, 13, 29
What are the prime factors of 49372?
2, 12343
List the prime factors of 27811.
7, 29, 137
List the prime factors of 1703.
13, 131
List the prime factors of 719.
719
What are the prime factors of 5538?
2, 3, 13, 71
What are the prime factors of 16893?
3, 1877
List the prime factors of 431.
431
List the prime factors of 17296.
2, 23, 47
What are the prime factors of 22284?
2, 3, 619
What are the prime factors of 47541?
3, 13, 23, 53
What are the prime factors of 777?
3, 7, 37
List the prime factors of 1180.
2, 5, 59
What are the prime factors of 1118?
2, 13, 43
List the prime factors of 3873.
3, 1291
What are the prime factors of 4910?
2, 5, 491
List the prime factors of 18522.
2, 3, 7
List the prime factors of 2986.
2, 1493
List the prime factors of 87969.
3, 7, 59, 71
What are the prime factors of 2369?
23, 103
What are the prime factors of 71590?
2, 5, 7159
List the prime factors of 1621.
1621
What are the prime factors of 1024?
2
List the prime factors of 43138.
2, 21569
What are the prime factors of 154435?
5, 67, 461
What are the prime factors of 21492?
2, 3, 199
List the prime factors of 1682.
2, 29
What are the prime factors of 1406?
2, 19, 37
List the prime factors of 703.
19, 37
List the prime factors of 1812.
2, 3, 151
What are the prime factors of 1340?
2, 5, 67
List the prime factors of 5385.
3, 5, 359
What are the prime factors of 6534?
2, 3, 11
What are the prime factors of 3923?
3923
What are the prime factors of 70011?
3, 2593
What are the prime factors of 6244?
2, 7, 223
What are the prime factors of 9615?
3, 5, 641
List the prime factors of 106.
2, 53
What are the prime factors of 42673?
139, 307
List the prime factors of 96712.
2, 7, 11, 157
What are the prime factors of 727?
727
List the prime factors of 9334.
2, 13, 359
List the prime factors of 14822.
2, 7411
What are the prime factors of 4166?
2, 2083
What are the prime factors of 12025?
5, 13, 37
List the prime factors of 4401.
3, 163
List the prime factors of 1856.
2, 29
What are the prime factors of 10023?
3, 13, 257
What are the prime factors of 1308?
2, 3, 109
List the prime factors of 2282.
2, 7, 163
What are the prime factors of 1454?
2, 727
List the prime factors of 144466.
2, 7, 17, 607
List the prime factors of 19182.
2, 3, 23, 139
List the prime factors of 1610.
2, 5, 7, 23
What are the prime factors of 990?
2, 3, 5, 11
List the prime factors of 2118.
2, 3, 353
List the prime factors of 44102.
2, 22051
What are the prime factors of 3868?
2, 967
List the prime factors of 134494.
2, 67247
What are the prime factors of 131934?
2, 3, 11, 1999
What are the prime factors of 5662?
2, 19, 149
List the prime factors of 1069.
1069
List the prime factors of 45414.
2, 3, 29
What are the prime factors of 46753?
7, 6679
What are the prime factors of 27476?
2, 6869
List the prime factors of 9786.
2, 3, 7, 233
What are the prime factors of 3352?
2, 419
What are the prime factors of 49000?
2, 5, 7
What are the prime factors of 9221?
9221
What are the prime factors of 41329?
37, 1117
What are the prime factors of 34978?
2, 17489
List the prime factors of 6705.
3, 5, 149
What are the prime factors of 15898?
2, 7949
What are the prime factors of 7281?
3, 809
List the prime factors of 48442.
2, 53, 457
List the prime factors of 5159.
7, 11, 67
List the prime factors of 29133.
3, 13, 83
What are the prime factors of 20481?
3, 6827
What are the prime factors of 34?
2, 17
List the prime factors of 1776.
2, 3, 37
What are the prime factors of 930?
2, 3, 5, 31
What are the prime factors of 135583?
7, 2767
List the prime factors of 6657.
3, 7, 317
What are the prime factors of 10046?
2, 5023
What are the prime factors of 7235?
5, 1447
What are the prime factors of 33431?
101, 331
List the prime factors of 11597.
11597
What are the prime factors of 20696?
2, 13, 199
What are the prime factors of 71376?
2, 3, 1487
What are the prime factors of 13781?
13781
What are the prime factors of 8813?
7, 1259
List the prime factors of 4885.
5, 977
What are the prime factors of 1646?
2, 823
List the prime factors of 7884.
2, 3, 73
List the prime factors of 649.
11, 59
What are the prime factors of 867?
3, 17
What are the prime factors of 13484?
2, 3371
List the prime factors of 7029.
3, 11, 71
List the prime factors of 14537.
14537
What are the prime factors of 1499?
1499
What are the prime factors of 152430?
2, 3, 5, 5081
List the prime factors of 34.
2, 17
List the prime factors of 16976.
2, 1061
What are the prime factors of 1807?
13, 139
List the prime factors of 5460.
2, 3, 5, 7, 13
What are the prime factors of 8881?
83, 107
List the prime factors of 1545.
3, 5, 103
What are the prime factors of 24532?
2, 6133
List the prime factors of 227.
227
What are the prime factors of 602?
2, 7, 43
List the prime factors of 25798.
2, 12899
List the prime factors of 25746.
2, 3, 7, 613
List the prime factors of 91392.
2, 3, 7, 17
What are the prime factors of 16300?
2, 5, 163
List the prime factors of 4238.
2, 13, 163
List the prime factors of 9779.
7, 11, 127
List the prime factors of 2705.
5, 541
List the prime factors of 70282.
2, 35141
What are the prime factors of 43316?
2, 7, 13, 17
List the prime factors of 36635.
5, 17, 431
List the prime factors of 71930.
2, 5, 7193
What are the prime factors of 836?
2, 11, 19
What are the prime factors of 9956?
2, 19, 131
List the prime factors of 2343.
3, 11, 71
List the prime factors of 3541.
3541
List the prime factors of 7841.
7841
List the prime factors of 47566.
2, 17, 1399
What are the prime factors of 1103?
1103
List the prime factors of 564.
2, 3, 47
What are the prime factors of 37?
37
What are the prime factors of 1182?
2, 3, 197
What are the prime factors of 1719?
3, 191
List the prime factors of 1676.
2, 419
What are the prime factors of 1172?
2, 293
List the prime factors of 1425.
3, 5, 19
What are the prime factors of 1087?
1087
What are the prime factors of 10789?
10789
What are the prime factors of 4171?
43, 97
What are the prime factors of 413?
7, 59
What are the prime factors of 164158?
2, 211, 389
List the prime factors of 982.
2, 491
List the prime factors of 16146.
2, 3, 13, 23
List the prime factors of 12370.
2, 5, 1237
List the prime factors of 7652.
2, 1913
What are the prime factors of 3539?
3539
What are the prime factors of 832?
2, 13
List the prime factors of 2153.
2153
List the prime factors of 4572.
2, 3, 127
List the prime factors of 939.
3, 313
List the prime factors of 66415.
5, 37, 359
List the prime factors of 95875.
5, 13, 59
List the prime factors of 6222.
2, 3, 17, 61
What are the prime factors of 14055?
3, 5, 937
What are the prime factors of 2358?
2, 3, 131
List the prime factors of 44550.
2, 3, 5, 11
What are the prime factors of 73016?
2, 9127
List the prime factors of 7243.
7243
List the prime factors of 1073.
29, 37
What are the prime factors of 3467?
3467
What are the prime factors of 65535?
3, 5, 17, 257
What are the prime factors of 1245?
3, 5, 83
What are the prime factors of 9231?
3, 17, 181